 Let f be (13 - 8)*6/(-45)*-9. Let k(d) = 13*d**3 - 6*d**2 - 28*d - 1. Let y(w) = f*k(w) - 11*u(w). Calculate y(4).
9
Let l = 93 + -80. Let k(w) = -w**2 + 18*w - 5. Calculate k(l).
60
Let c(a) be the second derivative of -a**5/20 + a**4 - 2*a**3 - 9*a**2/2 + 118*a - 26. What is c(11)?
-20
Suppose -1 = 5*i - 11. Suppose 0 = 3*l + 4*v + 30, 4*l - 3*v + 13 + i = 0. Let a(w) = w**3 + 6*w**2 - 3*w - 2. What is a(l)?
16
Let q(f) be the first derivative of 2*f**3/3 - 3*f**2/2 - 51*f + 1686. Give q(-5).
14
Let j(o) = -o**2 + 5*o + 2. Let u(z) be the second derivative of 2*z**3 + 28*z**2 + 20*z + 2. Let q be u(-5). What is j(q)?
-34
Let b(u) = u. Let g(v) = 10*v. Let a(z) = -5*b(z) + g(z). Let d = -13 - -10. Let o be 2 + (-2)/(-5 - d). What is a(o)?
15
Let l(q) = -2*q + 23. Let y be l(6). Let g(j) = y*j + 4*j**2 + 13*j**2 - 35*j**2 - 9 + 17*j**2. Calculate g(8).
15
Let j(s) = -s**3 - 12*s**2 - s - 15. Let m be (-1)/(-2) + (-462)/(-28). Suppose p + m = -t, -p + 1 = 2*t - 6*p. Let n be j(t). Let y(a) = -2*a - 4. Give y(n).
2
Let c be 424/30 + 15/(-45) - 84/105. Let a(k) = -k**3 + 13*k**2 + 6*k - 32. Give a(c).
46
Let b(u) = -u**2 - 1. Let n(p) = -3*p**2 + p - 7. Let j(x) = 4*b(x) - n(x). Let s = -212 + -249. Let i = 458 + s. Determine j(i).
-3
Let m be (-12)/(-5) - 4/10. Suppose 3*t + 4*r = -4, t - 4*r = -m*r - 8. Let o(y) be the first derivative of -y**2/2 + y - 2482. Calculate o(t).
5
Let t(d) = 7*d + 52. Suppose -2*h = h + 5*z + 38, 3*h + 3*z + 30 = 0. Let f be t(h). Let k = 9 - f. Let a(q) = -8*q. Give a(k).
8
Let i(z) = -48*z + 175. Let d(t) = 2*t - 18. Let u(f) = -3*d(f) - i(f). Determine u(3).
5
Suppose s - 181 = d - 3*d, 2*d + 2*s = 186. Let a = 84 - d. Let m(k) = k**3 + 5*k**2 + 3. Give m(a).
19
Let f(j) = j - 5. Suppose 349 = 4*c - 179. Let o = -126 + c. Determine f(o).
1
Let x(d) be the second derivative of -d**4/6 + 17*d**3/6 - 7*d**2 - 192*d + 9. Give x(9).
-23
Let u(m) be the third derivative of m**6/90 - m**5/60 - m**4/24 + 31*m**3/6 + 2*m**2 + 13. Let b(x) be the first derivative of u(x). Give b(-1).
5
Let t(p) = -2*p. Suppose -5*n + 9*i = 4*i + 15, 0 = -4*i + 12. Suppose 0 = 4*h + s - 0*s + 7, n = 2*h + 4*s. Give t(h).
4
Let n be 1 - (-4 + 3)*(3 - -168). Let c = 173 - n. Let v(s) be the third derivative of 3*s**4/8 - s**3/6 + 2*s**2. Give v(c).
8
Let g = 138 + -60. Let h = g + -76. Let r(s) = s**3 - s + 1. What is r(h)?
7
Let n(c) be the first derivative of -2*c - 113*c**2 + 115*c**2 + 55 + 116. Determine n(-1).
-6
Let j(t) = 8*t**3 - 2*t**2 + t. Let c(s) be the third derivative of s**5/60 + 5*s**4/8 + 5*s**3/2 + 2*s**2 - 5*s. Let z be c(-14). What is j(z)?
7
Let b(y) = -7 - y**2 + 3*y - 6*y - 1 - 4*y. Let c be b(-5). Let g(q) = 4 + 5*q**3 + 4*q**c - 7*q**3 + 3*q**3. Determine g(-3).
13
Let q(w) = -2*w**3 + 2*w**2 - w + 1. Let y(g) = 7*g**3 + 8*g**2 - 6*g + 18. Let x(v) = -3*q(v) - y(v). Calculate x(-15).
69
Let r = 988 - 980. Let j(c) = -18*c**2 + 4*c - 3. Let w(a) = a**3 + 37*a**2 - 9*a + 3. Let k(t) = -5*j(t) - 2*w(t). Calculate k(r).
-7
Let w be 220/18 - (-2)/(-9). Let y(p) = -p**2 - 5 + 137 + 0*p + 1 - 6 + 11*p - 117. Determine y(w).
-2
Let b(z) be the first derivative of -z**3/3 + 9*z**2 - 24*z + 14450. Give b(19).
-43
Let a(q) = q**2 + 4*q + 1. Let h be (7/(-4))/((-6 + -2)/64). Let l be ((-2)/(-1))/(-2)*(h - 12). Determine a(l).
-3
Let v(m) = -2*m**2 - m - 4. Let z be 120/(-36) - (2 - -1)*14/63. Determine v(z).
-32
Let q(i) = -1369 + 2696 - 14*i - 1338. Give q(-4).
45
Let r be ((-10035)/446)/(10/(-4)). Let k(y) be the third derivative of y**4/24 - 7*y**3/2 + y**2. Give k(r).
-12
Let v(i) = i**2. Suppose o - 4*y = 45, 0 = -0*y + y + 3. Let h(j) = -5*j + 15 + 5*j**2 + 15 - o. Let w(f) = -h(f) + 6*v(f). What is w(-5)?
3
Let j(y) = -y**3 - 7*y**2 + 12*y + 11. Let s = 289 + -285. Suppose 0 = n + g + 4, s*g - 8 = 2*g. Calculate j(n).
-21
Let b be 14/2*(2 + 30/(-3)). Let t = -50 - b. Suppose 0 = -5*r + 3*k + 13, -2*k = 4*r - t. Let l(u) = -2*u + 2. Calculate l(r).
-2
Let p(w) = -1081*w - w**2 + 362*w + 357*w + 354*w - 7. Calculate p(-3).
8
Let x(f) = f**3 - 8*f**2 - 2*f - 11. Suppose 2*h - 8 = t - 5*t, 0 = 4*h - 5*t - 42. What is x(h)?
-27
Suppose 28*g + 23 = 107. Let p(m) = -3*m - 4. Give p(g).
-13
Let x = 2146 - 2148. Let c(k) = 2*k**3 + 5*k**2 + 6*k + 2. Give c(x).
-6
Let p(j) = -36 + 8*j + 36. Let v be 1*3 - (27 - (28 - 3)). Calculate p(v).
8
Let f = -380 + 397. Suppose b - 2 = -2*p, -3*p = -0*b - 3*b - 12. Suppose -4*l - 2*y = p*y - 16, -4*l - 5*y = -f. Let m(c) = -4*c + 4. Determine m(l).
-8
Let n(d) = -4*d**3 - 11*d. Let l(z) = 7*z**3 - z**2 + 20*z. Let u = -413 + 418. Let v(k) = u*n(k) + 3*l(k). Determine v(2).
6
Let i = -108 - -111. Let j(m) = -13 + 11 + 27*m**i - 2*m + 1 - m**2. Give j(-1).
-27
Let o(r) be the third derivative of r**5/60 + 7*r**4/24 - 19*r**3/6 + 11*r**2 + 35*r - 3. Calculate o(-7).
-19
Suppose -4*g + 8 = -2*v - 38, 0 = 5*v - 4*g + 145. Let m = v - -24. Let l(b) = b**2 + 8*b - 11. Calculate l(m).
-2
Suppose -4*d + 207 = 231. Let f(x) = 2*x**2 - 6*x. Let c(z) = -9*z**2 + 25*z. Let k(y) = d*c(y) - 26*f(y). Let j = 1 - 5. Give k(j).
8
Let x(c) = -13*c**2 - 5*c + 9. Let s = 272 + -265. Let l(d) = 9*d**2 + 4*d - 6. Let o(q) = s*l(q) + 5*x(q). Determine o(3).
-6
Let j(l) = -2*l**2 + 64*l - 45. Let w be j(31). Let h(c) = c**2 - 12*c - 6. What is h(w)?
79
Suppose -3*c = 4*t + 29, 3*t + c + 105 - 87 = 0. Let z(d) = -d**3 - 8*d**2 - 8. Determine z(t).
-83
Let p(q) be the second derivative of -13*q**3/3 + 102*q**2 - 31*q - 43. Determine p(8).
-4
Let l = 1887 + -1885. Let x(r) = r**3 - r**2 + 5*r - 7. Calculate x(l).
7
Let i(p) = p**2 - 35. Let y be i(-6). Let v(h) be the second derivative of -43*h**3/6 + 79*h. Determine v(y).
-43
Let l(d) = d**2 + 2*d - 9. Let q(i) = -3*i**2 - 5*i + 26. Let c(o) = -8*l(o) - 3*q(o). Suppose 175*f + 178*f + 1059 = 0. Calculate c(f).
6
Suppose 2370*w = 2366*w - 4. Let l(s) = -49*s**3 + s**2 - s - 2. Calculate l(w).
49
Let i(j) = -j - 14. Let n(z) = 2*z**3 + 8*z**2 + 5*z + 8. Suppose 4*u - 2 = 3*q, -7 = -3*q + 3*u - 13. Let v be q/((-2)/4 - -2). Let g be n(v). What is i(g)?
-2
Let s(u) = -317*u - 323*u + 948*u - 200 - 316*u - 73. Calculate s(-35).
7
Suppose 15764*k + 162 = 15737*k. Let s(n) = -16*n - 89. What is s(k)?
7
Let z(r) = -5*r - 4. Suppose 4*j - 3*l = -5*l + 290, j - 71 = -2*l. Let k = -26 + 102. Let g = k - j. Determine z(g).
-19
Let d be (-2 + -110)/(66/(-33)). Let x(q) = -2 + 50*q**2 - 1 - 109*q**2 + 2*q + d*q**2. What is x(2)?
-11
Suppose 4*y - 7*l = -2*l + 33, -2*l - 37 = -5*y. Suppose -y*c = -3*c - 48. Let k(a) = -2*a + c - 6 + 4. What is k(7)?
-4
Let f(m) = 459*m - 1382. Let u be f(3). Let d(p) = p**3 + 5*p**2 - 3*p - 9. Give d(u).
6
Let l(o) = -2*o**3 - o**2 - 1. Suppose 5*m = 2*z - 9, -3*z - m = -2*z - 1. Let u(c) = -3*c**3 - 3*c**2 - c - 3. Let p(h) = z*u(h) - 5*l(h). What is p(-1)?
-4
Let l(b) = -b**2 - 2*b + 2. Let j = 8814 + -8848. Suppose 2*z + 27 = -33. Let p = j - z. Calculate l(p).
-6
Let a(j) = 20*j + 96. Let n(v) = -14*v**2 + 2016*v - 5. Let i be n(144). Calculate a(i).
-4
Let p(d) be the second derivative of -33*d + d**2 + 2 - d**3 + 1/12*d**4. Determine p(4).
-6
Suppose -2*q + 5*v - 16 = 0, 4*q - v = 2*v - 4. Let l(o) = 4*o + 42*o**2 + o - 43*o**q - 2*o. Let p(t) = t**3 + t**2. Let d be p(1). Give l(d).
2
Let j(q) be the first derivative of -q**4/4 - 3*q**3 - 4*q**2 + 6*q + 982. What is j(-6)?
-54
Let h(d) = d + 1. Let b = 159 + -159. Let q = 7 + b. What is h(q)?
8
Let z(v) = -2*v**2 + 41*v - 94. Let h = -5068 - -5086. What is z(h)?
-4
Suppose 0 = -4*h - n + 49, 4*h + n + 4*n - 37 = 0. Let t(y) = 0 - h - 2 - y + 2. Give t(-11).
-2
Let b be (3 + 8/(-3))/((-2)/6). Let n be b + 2 + 2 + -31. Let h = n + 25. Let a(l) = 3*l + 2. Give a(h).
-7
Let f(j) = -j - 15. Suppose 6*u - u = 4*k + 16, -k - 4 = 5*u. Let o be (k/(-28))/(4/14)*0. Determine f(o).
-15
Suppose 0 = 5*a - 17 - 13. Let n be 165/22*a/5. Suppose 0 = -0*c - 3*c - n, 2*o + 3 = -5*c. Let l(g) = -g**3 + 6*g**2 + 2*g - 6. Give l(o).
6
Let c(q) = -5*q**2 + 10*q - 10. Let s(u) = u**2. Suppose 4*l + 5*f = -1, 11 = -4*l - 2*f + 1. Let r(d) = l*s(d) - c(d). Give r(6).
-14
Suppose -3*n = -6*n - 3. Let g(q) = -24*q + 32*q - 9*q + 19*q**2. What is g(n)?
20
Let v(i) = 3*i + 11. Let x be 4/2 - 110/(-5). Suppose 11*m =